{"id":2667,"date":"2024-10-19T15:06:18","date_gmt":"2024-10-19T15:06:18","guid":{"rendered":"https:\/\/demo.tenzer.nl\/?post_type=accommodaties&#038;p=2667"},"modified":"2025-03-25T09:36:53","modified_gmt":"2025-03-25T09:36:53","slug":"komfort-plus-platz","status":"publish","type":"accommodaties","link":"https:\/\/demo.tenzer.nl\/de\/accommodaties\/komfort-plus-platz\/","title":{"rendered":"Komfort Plus Platz"},"content":{"rendered":"\n<div class=\"wp-block-columns is-layout-flex wp-container-core-columns-is-layout-9d6595d7 wp-block-columns-is-layout-flex\">\n<div class=\"wp-block-column is-layout-flow wp-block-column-is-layout-flow\" style=\"flex-basis:66.66%\"><section style=\"background-color: ;\" class=\"gallery-section top-gallery color-standard\"><div class=\"gallery gallery-columns-4 gallery-size-medium\"><figure class=\"gallery-item acco1\"><div class=\"gallery-icon\"><a href=\"https:\/\/demo.tenzer.nl\/wp-content\/uploads\/2024\/10\/Vakantiepark_TenZer81-jpg.webp\" data-fancybox=\"gallery\"><img src=\"https:\/\/demo.tenzer.nl\/wp-content\/uploads\/2024\/10\/Vakantiepark_TenZer81-1600x1066.webp\" class=\"attachment-large size-large\" alt=\"\" decoding=\"async\" fetchpriority=\"high\"><\/a><\/div><\/figure><figure class=\"gallery-item acco2\"><div class=\"gallery-icon\"><a href=\"https:\/\/demo.tenzer.nl\/wp-content\/uploads\/2024\/10\/Vakantiepark_TenZerZ103-5-jpg.webp\" data-fancybox=\"gallery\"><img src=\"https:\/\/demo.tenzer.nl\/wp-content\/uploads\/2024\/10\/Vakantiepark_TenZerZ103-5-750x500.webp\" class=\"attachment-medium size-medium\" alt=\"\" decoding=\"async\" fetchpriority=\"high\"><\/a><\/div><\/figure><figure class=\"gallery-item acco3\"><div class=\"gallery-icon\"><a href=\"https:\/\/demo.tenzer.nl\/wp-content\/uploads\/2024\/10\/Vakantiepark_TenZer005-jpg.webp\" data-fancybox=\"gallery\"><img src=\"https:\/\/demo.tenzer.nl\/wp-content\/uploads\/2024\/10\/Vakantiepark_TenZer005-750x476.webp\" class=\"attachment-medium size-medium\" alt=\"\" decoding=\"async\" fetchpriority=\"high\"><\/a><\/div><\/figure><figure class=\"gallery-item acco4\"><div class=\"gallery-icon\"><a href=\"https:\/\/demo.tenzer.nl\/wp-content\/uploads\/2024\/10\/Vakantiepark_TenZerZ102-5-jpg.webp\" data-fancybox=\"gallery\"><img src=\"https:\/\/demo.tenzer.nl\/wp-content\/uploads\/2024\/10\/Vakantiepark_TenZerZ102-5-501x750.webp\" class=\"attachment-medium size-medium\" alt=\"\" decoding=\"async\" fetchpriority=\"high\"><\/a><\/div><\/figure><figure class=\"gallery-item\"><div class=\"gallery-icon\"><a href=\"https:\/\/demo.tenzer.nl\/wp-content\/uploads\/2024\/10\/Vakantiepark_TenZer095-jpg.webp\" data-fancybox=\"gallery\"><img src=\"https:\/\/demo.tenzer.nl\/wp-content\/uploads\/2024\/10\/Vakantiepark_TenZer095-750x500.webp\" class=\"attachment-medium size-medium\" alt=\"\" decoding=\"async\" fetchpriority=\"high\"><\/a><\/div><\/figure><figure class=\"gallery-item\"><div class=\"gallery-icon\"><a href=\"https:\/\/demo.tenzer.nl\/wp-content\/uploads\/2024\/11\/kamperen-jpg.webp\" data-fancybox=\"gallery\"><img src=\"https:\/\/demo.tenzer.nl\/wp-content\/uploads\/2024\/11\/kamperen-750x600.webp\" class=\"attachment-medium size-medium\" alt=\"\" decoding=\"async\" fetchpriority=\"high\"><\/a><\/div><\/figure><\/div><\/section>\n\n\n\n<h1 class=\"wp-block-heading\">Zus\u00e4tzlicher Komfort am Komfort Plus Platz<\/h1>\n\n\n\n<p>Sie w\u00fcnschen sich im Campingurlaub das gewisse Extra an Komfort? Dann entscheiden Sie sich f\u00fcr die Komfort Plus Platz! Neben einem gro\u00dfz\u00fcgigen Stellplatz und einem 10 Ampere Stromanschluss steht Ihnen auch ein eigener Wasseranschluss direkt an Ihrem Stellplatz zur Verf\u00fcgung. Genie\u00dfen Sie den Komfort dieser kleinen Extras, w\u00e4hrend Sie in der wundersch\u00f6nen Natur um Sie herum entspannen. Ideal f\u00fcr Camper, die etwas mehr Komfort w\u00fcnschen, ohne auf den Charme des Campings verzichten zu m\u00fcssen.<\/p>\n<\/div>\n\n\n\n<div class=\"wp-block-column is-layout-flow wp-block-column-is-layout-flow\" style=\"flex-basis:33.33%\"><div class=\"detailzbtitan\">\r\n<h3>Boek je vakantie<\/h3>\r\n<div class=\"harbor-main-widget harbor-titan\">\r\n<div is=\"titan\" :enable-daterange-picker=\"true\" :global=\"true\" :accommodation-id=\"4\" direction=\"left\" :metrics=\"true\">&nbsp;<\/div>\r\n<\/div>\r\n<\/div><\/div>\n<\/div>\n\n\n<div style=\"margin-top: 0px; margin-bottom: 0px; background-color: ;\" class=\"tz-omenom-container image-left color-standard\"><div class=\"container\"><div class=\"col6 omenom-image\"><img loading=\"lazy\" decoding=\"async\" width=\"750\" height=\"500\" src=\"https:\/\/demo.tenzer.nl\/wp-content\/uploads\/2024\/10\/Vakantiepark_TenZer05-750x500.webp\" class=\"attachment-medium size-medium\" alt=\"\" srcset=\"https:\/\/demo.tenzer.nl\/wp-content\/uploads\/2024\/10\/Vakantiepark_TenZer05-750x500.webp 750w, https:\/\/demo.tenzer.nl\/wp-content\/uploads\/2024\/10\/Vakantiepark_TenZer05-1600x1067.webp 1600w, https:\/\/demo.tenzer.nl\/wp-content\/uploads\/2024\/10\/Vakantiepark_TenZer05-768x512.webp 768w, https:\/\/demo.tenzer.nl\/wp-content\/uploads\/2024\/10\/Vakantiepark_TenZer05-1536x1024.webp 1536w, https:\/\/demo.tenzer.nl\/wp-content\/uploads\/2024\/10\/Vakantiepark_TenZer05-jpg.webp 1920w\" sizes=\"auto, (max-width: 750px) 100vw, 750px\" \/><\/div><div class=\"col4 omenom-content\"><h3>Unser Hallenbad<\/h3><div class=\"omenom-editor\"><p>Ein Urlaub ist ohne ein erfrischendes Bad nicht komplett! Unser Hallenbad bietet stundenlangen Wasserspa\u00df f\u00fcr Jung und Alt, mit einer spektakul\u00e4ren Wasserrutsche und einem sicheren Planschbecken f\u00fcr die Kleinen. Ob es regnet oder scheint, hier k\u00f6nnen Sie immer ein Bad nehmen!<\/p>\n<\/div><\/div><\/div><\/div>\n\n<div style=\"margin-top: -42px; margin-bottom: 0px; background-color: ;\" class=\"tz-omenom-container image-right color-standard\"><div class=\"container\"><div class=\"col6 omenom-image\"><img loading=\"lazy\" decoding=\"async\" width=\"750\" height=\"499\" src=\"https:\/\/demo.tenzer.nl\/wp-content\/uploads\/2024\/10\/Vakantiepark_TenZer20-750x499.webp\" class=\"attachment-medium size-medium\" alt=\"\" srcset=\"https:\/\/demo.tenzer.nl\/wp-content\/uploads\/2024\/10\/Vakantiepark_TenZer20-750x499.webp 750w, https:\/\/demo.tenzer.nl\/wp-content\/uploads\/2024\/10\/Vakantiepark_TenZer20-1600x1064.webp 1600w, https:\/\/demo.tenzer.nl\/wp-content\/uploads\/2024\/10\/Vakantiepark_TenZer20-768x511.webp 768w, https:\/\/demo.tenzer.nl\/wp-content\/uploads\/2024\/10\/Vakantiepark_TenZer20-1536x1021.webp 1536w, https:\/\/demo.tenzer.nl\/wp-content\/uploads\/2024\/10\/Vakantiepark_TenZer20-jpg.webp 2000w\" sizes=\"auto, (max-width: 750px) 100vw, 750px\" \/><\/div><div class=\"col4 omenom-content\"><h3>Erleben Sie Abenteuer mit unserem Animationsteam<\/h3><div class=\"omenom-editor\"><p>Unser Animationsteam nimmt Sie diesen Sommer mit auf eine Entdeckungstour durch die Natur! Gemeinsam mit der Familie k\u00f6nnen Sie abenteuerliche Spiele, spannende Schatzsuchen und kreative Aktivit\u00e4ten inmitten der Natur genie\u00dfen. Hier geht es darum, gemeinsam zu spielen, die Natur zu entdecken und unvergessliche Erinnerungen zu schaffen. Ein Sommer voller Outdoor-Spa\u00df f\u00fcr Jung und Alt!<\/p>\n<\/div><\/div><\/div><\/div>\n\n<div style=\"margin-top: -43px; margin-bottom: 0px; background-color: ;\" class=\"tz-omenom-container image-left color-standard\"><div class=\"container\"><div class=\"col6 omenom-image\"><img loading=\"lazy\" decoding=\"async\" width=\"750\" height=\"500\" src=\"https:\/\/demo.tenzer.nl\/wp-content\/uploads\/2024\/10\/Vakantiepark_TenZer31-750x500.webp\" class=\"attachment-medium size-medium\" alt=\"\" srcset=\"https:\/\/demo.tenzer.nl\/wp-content\/uploads\/2024\/10\/Vakantiepark_TenZer31-750x500.webp 750w, https:\/\/demo.tenzer.nl\/wp-content\/uploads\/2024\/10\/Vakantiepark_TenZer31-1600x1066.webp 1600w, https:\/\/demo.tenzer.nl\/wp-content\/uploads\/2024\/10\/Vakantiepark_TenZer31-768x512.webp 768w, https:\/\/demo.tenzer.nl\/wp-content\/uploads\/2024\/10\/Vakantiepark_TenZer31-1536x1024.webp 1536w, https:\/\/demo.tenzer.nl\/wp-content\/uploads\/2024\/10\/Vakantiepark_TenZer31-jpg.webp 2000w\" sizes=\"auto, (max-width: 750px) 100vw, 750px\" \/><\/div><div class=\"col4 omenom-content\"><h3>Naturerlebnis in der Veluwe<\/h3><div class=\"omenom-editor\"><p>Entdecken Sie die unber\u00fchrte Natur der Veluwe, wo sich W\u00e4lder, Heidelandschaften und Seen abwechseln. Vom Ferienpark TenZer aus sind Sie in k\u00fcrzester Zeit mitten in der Natur. Machen Sie einen erholsamen Spaziergang durch die weiten W\u00e4lder, radeln Sie rund um das Veluwemeer oder genie\u00dfen Sie die Ruhe in der Heide. Dies ist der Ort, an dem Sie vollkommen entspannen und die wundersch\u00f6ne Flora und Fauna entdecken k\u00f6nnen. Vielleicht entdecken Sie w\u00e4hrend Ihrer Reise ein Reh, ein Wildschwein oder einen besonderen Vogel!<\/p>\n<\/div><\/div><\/div><\/div>","protected":false},"featured_media":2080,"menu_order":0,"template":"","format":"standard","meta":{"_acf_changed":false},"class_list":["post-2667","accommodaties","type-accommodaties","status-publish","format-standard","has-post-thumbnail","hentry"],"acf":[],"_links":{"self":[{"href":"https:\/\/demo.tenzer.nl\/de\/wp-json\/wp\/v2\/accommodaties\/2667","targetHints":{"allow":["GET"]}}],"collection":[{"href":"https:\/\/demo.tenzer.nl\/de\/wp-json\/wp\/v2\/accommodaties"}],"about":[{"href":"https:\/\/demo.tenzer.nl\/de\/wp-json\/wp\/v2\/types\/accommodaties"}],"wp:featuredmedia":[{"embeddable":true,"href":"https:\/\/demo.tenzer.nl\/de\/wp-json\/wp\/v2\/media\/2080"}],"wp:attachment":[{"href":"https:\/\/demo.tenzer.nl\/de\/wp-json\/wp\/v2\/media?parent=2667"}],"curies":[{"name":"wp","href":"https:\/\/api.w.org\/{rel}","templated":true}]}}

<div class="wp-block-columns is-layout-flex wp-container-core-columns-is-layout-9d6595d7 wp-block-columns-is-layout-flex">
<div class="wp-block-column is-layout-flow wp-block-column-is-layout-flow" style="flex-basis:66.66%"><section style="background-color: ;" class="gallery-section top-gallery color-standard"><div class="gallery gallery-columns-4 gallery-size-medium"><figure class="gallery-item acco1"><div class="gallery-icon"><a href="https://demo.tenzer.nl/wp-content/uploads/2024/10/Vakantiepark_TenZer81-jpg.webp" data-fancybox="gallery"><img src="https://demo.tenzer.nl/wp-content/uploads/2024/10/Vakantiepark_TenZer81-1600x1066.webp" class="attachment-large size-large" alt="" decoding="async" fetchpriority="high"></a></div></figure><figure class="gallery-item acco2"><div class="gallery-icon"><a href="https://demo.tenzer.nl/wp-content/uploads/2024/10/Vakantiepark_TenZerZ103-5-jpg.webp" data-fancybox="gallery"><img src="https://demo.tenzer.nl/wp-content/uploads/2024/10/Vakantiepark_TenZerZ103-5-750x500.webp" class="attachment-medium size-medium" alt="" decoding="async" fetchpriority="high"></a></div></figure><figure class="gallery-item acco3"><div class="gallery-icon"><a href="https://demo.tenzer.nl/wp-content/uploads/2024/10/Vakantiepark_TenZer005-jpg.webp" data-fancybox="gallery"><img src="https://demo.tenzer.nl/wp-content/uploads/2024/10/Vakantiepark_TenZer005-750x476.webp" class="attachment-medium size-medium" alt="" decoding="async" fetchpriority="high"></a></div></figure><figure class="gallery-item acco4"><div class="gallery-icon"><a href="https://demo.tenzer.nl/wp-content/uploads/2024/10/Vakantiepark_TenZerZ102-5-jpg.webp" data-fancybox="gallery"><img src="https://demo.tenzer.nl/wp-content/uploads/2024/10/Vakantiepark_TenZerZ102-5-501x750.webp" class="attachment-medium size-medium" alt="" decoding="async" fetchpriority="high"></a></div></figure><figure class="gallery-item"><div class="gallery-icon"><a href="https://demo.tenzer.nl/wp-content/uploads/2024/10/Vakantiepark_TenZer095-jpg.webp" data-fancybox="gallery"><img src="https://demo.tenzer.nl/wp-content/uploads/2024/10/Vakantiepark_TenZer095-750x500.webp" class="attachment-medium size-medium" alt="" decoding="async" fetchpriority="high"></a></div></figure><figure class="gallery-item"><div class="gallery-icon"><a href="https://demo.tenzer.nl/wp-content/uploads/2024/11/kamperen-jpg.webp" data-fancybox="gallery"><img src="https://demo.tenzer.nl/wp-content/uploads/2024/11/kamperen-750x600.webp" class="attachment-medium size-medium" alt="" decoding="async" fetchpriority="high"></a></div></figure></div></section>



<h1 class="wp-block-heading">Zusätzlicher Komfort am Komfort Plus Platz</h1>



<p>Sie wünschen sich im Campingurlaub das gewisse Extra an Komfort? Dann entscheiden Sie sich für die Komfort Plus Platz! Neben einem großzügigen Stellplatz und einem 10 Ampere Stromanschluss steht Ihnen auch ein eigener Wasseranschluss direkt an Ihrem Stellplatz zur Verfügung. Genießen Sie den Komfort dieser kleinen Extras, während Sie in der wunderschönen Natur um Sie herum entspannen. Ideal für Camper, die etwas mehr Komfort wünschen, ohne auf den Charme des Campings verzichten zu müssen.</p>
</div>



<div class="wp-block-column is-layout-flow wp-block-column-is-layout-flow" style="flex-basis:33.33%"><div class="detailzbtitan">
<h3>Boek je vakantie</h3>
<div class="harbor-main-widget harbor-titan">
<div is="titan" :enable-daterange-picker="true" :global="true" :accommodation-id="4" direction="left" :metrics="true">&nbsp;</div>
</div>
</div></div>
</div>


<div style="margin-top: 0px; margin-bottom: 0px; background-color: ;" class="tz-omenom-container image-left color-standard"><div class="container"><div class="col6 omenom-image"><img loading="lazy" decoding="async" width="750" height="500" src="https://demo.tenzer.nl/wp-content/uploads/2024/10/Vakantiepark_TenZer05-750x500.webp" class="attachment-medium size-medium" alt="" srcset="https://demo.tenzer.nl/wp-content/uploads/2024/10/Vakantiepark_TenZer05-750x500.webp 750w, https://demo.tenzer.nl/wp-content/uploads/2024/10/Vakantiepark_TenZer05-1600x1067.webp 1600w, https://demo.tenzer.nl/wp-content/uploads/2024/10/Vakantiepark_TenZer05-768x512.webp 768w, https://demo.tenzer.nl/wp-content/uploads/2024/10/Vakantiepark_TenZer05-1536x1024.webp 1536w, https://demo.tenzer.nl/wp-content/uploads/2024/10/Vakantiepark_TenZer05-jpg.webp 1920w" sizes="auto, (max-width: 750px) 100vw, 750px" /></div><div class="col4 omenom-content"><h3>Unser Hallenbad</h3><div class="omenom-editor"><p>Ein Urlaub ist ohne ein erfrischendes Bad nicht komplett! Unser Hallenbad bietet stundenlangen Wasserspaß für Jung und Alt, mit einer spektakulären Wasserrutsche und einem sicheren Planschbecken für die Kleinen. Ob es regnet oder scheint, hier können Sie immer ein Bad nehmen!</p>
</div></div></div></div>

<div style="margin-top: -42px; margin-bottom: 0px; background-color: ;" class="tz-omenom-container image-right color-standard"><div class="container"><div class="col6 omenom-image"><img loading="lazy" decoding="async" width="750" height="499" src="https://demo.tenzer.nl/wp-content/uploads/2024/10/Vakantiepark_TenZer20-750x499.webp" class="attachment-medium size-medium" alt="" srcset="https://demo.tenzer.nl/wp-content/uploads/2024/10/Vakantiepark_TenZer20-750x499.webp 750w, https://demo.tenzer.nl/wp-content/uploads/2024/10/Vakantiepark_TenZer20-1600x1064.webp 1600w, https://demo.tenzer.nl/wp-content/uploads/2024/10/Vakantiepark_TenZer20-768x511.webp 768w, https://demo.tenzer.nl/wp-content/uploads/2024/10/Vakantiepark_TenZer20-1536x1021.webp 1536w, https://demo.tenzer.nl/wp-content/uploads/2024/10/Vakantiepark_TenZer20-jpg.webp 2000w" sizes="auto, (max-width: 750px) 100vw, 750px" /></div><div class="col4 omenom-content"><h3>Erleben Sie Abenteuer mit unserem Animationsteam</h3><div class="omenom-editor"><p>Unser Animationsteam nimmt Sie diesen Sommer mit auf eine Entdeckungstour durch die Natur! Gemeinsam mit der Familie können Sie abenteuerliche Spiele, spannende Schatzsuchen und kreative Aktivitäten inmitten der Natur genießen. Hier geht es darum, gemeinsam zu spielen, die Natur zu entdecken und unvergessliche Erinnerungen zu schaffen. Ein Sommer voller Outdoor-Spaß für Jung und Alt!</p>
</div></div></div></div>

<div style="margin-top: -43px; margin-bottom: 0px; background-color: ;" class="tz-omenom-container image-left color-standard"><div class="container"><div class="col6 omenom-image"><img loading="lazy" decoding="async" width="750" height="500" src="https://demo.tenzer.nl/wp-content/uploads/2024/10/Vakantiepark_TenZer31-750x500.webp" class="attachment-medium size-medium" alt="" srcset="https://demo.tenzer.nl/wp-content/uploads/2024/10/Vakantiepark_TenZer31-750x500.webp 750w, https://demo.tenzer.nl/wp-content/uploads/2024/10/Vakantiepark_TenZer31-1600x1066.webp 1600w, https://demo.tenzer.nl/wp-content/uploads/2024/10/Vakantiepark_TenZer31-768x512.webp 768w, https://demo.tenzer.nl/wp-content/uploads/2024/10/Vakantiepark_TenZer31-1536x1024.webp 1536w, https://demo.tenzer.nl/wp-content/uploads/2024/10/Vakantiepark_TenZer31-jpg.webp 2000w" sizes="auto, (max-width: 750px) 100vw, 750px" /></div><div class="col4 omenom-content"><h3>Naturerlebnis in der Veluwe</h3><div class="omenom-editor"><p>Entdecken Sie die unberührte Natur der Veluwe, wo sich Wälder, Heidelandschaften und Seen abwechseln. Vom Ferienpark TenZer aus sind Sie in kürzester Zeit mitten in der Natur. Machen Sie einen erholsamen Spaziergang durch die weiten Wälder, radeln Sie rund um das Veluwemeer oder genießen Sie die Ruhe in der Heide. Dies ist der Ort, an dem Sie vollkommen entspannen und die wunderschöne Flora und Fauna entdecken können. Vielleicht entdecken Sie während Ihrer Reise ein Reh, ein Wildschwein oder einen besonderen Vogel!</p>
</div></div></div></div>
